[INFO] cloning repository https://github.com/Pamplemousse/tetris
[INFO] running `Command { std: "git" "-c" "credential.helper=" "-c" "credential.helper=/workspace/cargo-home/bin/git-credential-null" "clone" "--bare" "https://github.com/Pamplemousse/tetris" "/workspace/cache/git-repos/https%3A%2F%2Fgithub.com%2FPamplemousse%2Ftetris", kill_on_drop: false }`
[INFO] [stderr] Cloning into bare repository '/workspace/cache/git-repos/https%3A%2F%2Fgithub.com%2FPamplemousse%2Ftetris'...
[INFO] running `Command { std: "git" "rev-parse" "HEAD", kill_on_drop: false }`
[INFO] [stdout] 6a2b6e87c2e326c80f80bd22892a49d3ee190535
[INFO] checking Pamplemousse/tetris against master#e6e4f7ed1589e03bc2f6c5931c1a72e7947e8682 for beta-170-4
[INFO] running `Command { std: "git" "clone" "/workspace/cache/git-repos/https%3A%2F%2Fgithub.com%2FPamplemousse%2Ftetris" "/workspace/builds/worker-7-tc2/source", kill_on_drop: false }`
[INFO] [stderr] Cloning into '/workspace/builds/worker-7-tc2/source'...
[INFO] [stderr] done.
[INFO] validating manifest of git repo https://github.com/Pamplemousse/tetris on toolchain e6e4f7ed1589e03bc2f6c5931c1a72e7947e8682
[INFO] running `Command { std: CARGO_HOME="/workspace/cargo-home" RUSTUP_HOME="/workspace/rustup-home" "/workspace/cargo-home/bin/cargo" "+e6e4f7ed1589e03bc2f6c5931c1a72e7947e8682" "metadata" "--manifest-path" "Cargo.toml" "--no-deps", kill_on_drop: false }`
[INFO] started tweaking git repo https://github.com/Pamplemousse/tetris
[INFO] finished tweaking git repo https://github.com/Pamplemousse/tetris
[INFO] tweaked toml for git repo https://github.com/Pamplemousse/tetris written to /workspace/builds/worker-7-tc2/source/Cargo.toml
[INFO] crate git repo https://github.com/Pamplemousse/tetris already has a lockfile, it will not be regenerated
[INFO] running `Command { std: CARGO_HOME="/workspace/cargo-home" RUSTUP_HOME="/workspace/rustup-home" "/workspace/cargo-home/bin/cargo" "+e6e4f7ed1589e03bc2f6c5931c1a72e7947e8682" "fetch" "--manifest-path" "Cargo.toml", kill_on_drop: false }`
[INFO] [stderr]     Blocking waiting for file lock on package cache
[INFO] running `Command { std: "docker" "create" "-v" "/var/lib/crater-agent-workspace/builds/worker-7-tc2/target:/opt/rustwide/target:rw,Z" "-v" "/var/lib/crater-agent-workspace/builds/worker-7-tc2/source:/opt/rustwide/workdir:ro,Z" "-v" "/var/lib/crater-agent-workspace/cargo-home:/opt/rustwide/cargo-home:ro,Z" "-v" "/var/lib/crater-agent-workspace/rustup-home:/opt/rustwide/rustup-home:ro,Z" "-e" "SOURCE_DIR=/opt/rustwide/workdir" "-e" "CARGO_TARGET_DIR=/opt/rustwide/target" "-e" "CARGO_HOME=/opt/rustwide/cargo-home" "-e" "RUSTUP_HOME=/opt/rustwide/rustup-home" "-w" "/opt/rustwide/workdir" "-m" "1610612736" "--user" "0:0" "--network" "none" "ghcr.io/rust-lang/crates-build-env/linux@sha256:19e73879b68f455e41552ea35293514db52ea292d993f571636dbffedb77a1ee" "/opt/rustwide/cargo-home/bin/cargo" "+e6e4f7ed1589e03bc2f6c5931c1a72e7947e8682" "metadata" "--no-deps" "--format-version=1", kill_on_drop: false }`
[INFO] [stdout] 625acccc1b63061103a5e55e119642957bdfd1dbe4125145493e518919b16556
[INFO] running `Command { std: "docker" "start" "-a" "625acccc1b63061103a5e55e119642957bdfd1dbe4125145493e518919b16556", kill_on_drop: false }`
[INFO] running `Command { std: "docker" "inspect" "625acccc1b63061103a5e55e119642957bdfd1dbe4125145493e518919b16556", kill_on_drop: false }`
[INFO] running `Command { std: "docker" "rm" "-f" "625acccc1b63061103a5e55e119642957bdfd1dbe4125145493e518919b16556", kill_on_drop: false }`
[INFO] [stdout] 625acccc1b63061103a5e55e119642957bdfd1dbe4125145493e518919b16556
[INFO] running `Command { std: "docker" "create" "-v" "/var/lib/crater-agent-workspace/builds/worker-7-tc2/target:/opt/rustwide/target:rw,Z" "-v" "/var/lib/crater-agent-workspace/builds/worker-7-tc2/source:/opt/rustwide/workdir:ro,Z" "-v" "/var/lib/crater-agent-workspace/cargo-home:/opt/rustwide/cargo-home:ro,Z" "-v" "/var/lib/crater-agent-workspace/rustup-home:/opt/rustwide/rustup-home:ro,Z" "-e" "SOURCE_DIR=/opt/rustwide/workdir" "-e" "CARGO_TARGET_DIR=/opt/rustwide/target" "-e" "CARGO_INCREMENTAL=0" "-e" "RUST_BACKTRACE=full" "-e" "RUSTFLAGS=--cap-lints=forbid" "-e" "RUSTDOCFLAGS=--cap-lints=forbid" "-e" "CARGO_HOME=/opt/rustwide/cargo-home" "-e" "RUSTUP_HOME=/opt/rustwide/rustup-home" "-w" "/opt/rustwide/workdir" "-m" "1610612736" "--user" "0:0" "--network" "none" "ghcr.io/rust-lang/crates-build-env/linux@sha256:19e73879b68f455e41552ea35293514db52ea292d993f571636dbffedb77a1ee" "/opt/rustwide/cargo-home/bin/cargo" "+e6e4f7ed1589e03bc2f6c5931c1a72e7947e8682" "check" "--frozen" "--all" "--all-targets" "--message-format=json", kill_on_drop: false }`
[INFO] [stdout] eb8748b99cbe9a916687d8bade579ebb07fbe6f4cafa9ef64d991a4a33da8623
[INFO] running `Command { std: "docker" "start" "-a" "eb8748b99cbe9a916687d8bade579ebb07fbe6f4cafa9ef64d991a4a33da8623", kill_on_drop: false }`
[INFO] [stderr]    Compiling autocfg v1.0.0
[INFO] [stderr]    Compiling autocfg v0.1.7
[INFO] [stderr]     Checking rand_core v0.4.2
[INFO] [stderr]    Compiling libc v0.2.66
[INFO] [stderr]    Compiling cfg-if v0.1.10
[INFO] [stderr]    Compiling bitflags v1.2.1
[INFO] [stderr]    Compiling sdl2 v0.32.2
[INFO] [stderr]     Checking lazy_static v1.4.0
[INFO] [stderr]     Checking arraymap v0.1.1
[INFO] [stderr]    Compiling sdl2-sys v0.32.6
[INFO] [stderr]     Checking rand_core v0.3.1
[INFO] [stderr]     Checking rand_jitter v0.1.4
[INFO] [stderr]     Checking rand_isaac v0.1.1
[INFO] [stderr]     Checking rand_xorshift v0.1.1
[INFO] [stderr]     Checking rand_hc v0.1.0
[INFO] [stderr]    Compiling num-traits v0.2.11
[INFO] [stderr]    Compiling num-integer v0.1.42
[INFO] [stderr]    Compiling num-iter v0.1.40
[INFO] [stderr]    Compiling rand_chacha v0.1.1
[INFO] [stderr]    Compiling rand_pcg v0.1.2
[INFO] [stderr]    Compiling rand v0.6.5
[INFO] [stderr]     Checking rand_os v0.1.3
[INFO] [stderr]     Checking num v0.1.42
[INFO] [stderr]     Checking tetris v0.1.0 (/opt/rustwide/workdir)
[INFO] [stdout] error[E0614]: type `i32` cannot be dereferenced
[INFO] [stdout]   --> src/tetromino/mod.rs:43:24
[INFO] [stdout]    |
[INFO] [stdout] 43 |         .map(|(x, y)| ((*x) * size, (*y) * size))
[INFO] [stdout]    |                        ^^^^
[INFO] [stdout] 
[INFO] [stdout] 
[INFO] [stdout] error[E0614]: type `i32` cannot be dereferenced
[INFO] [stdout]   --> src/tetromino/mod.rs:43:37
[INFO] [stdout]    |
[INFO] [stdout] 43 |         .map(|(x, y)| ((*x) * size, (*y) * size))
[INFO] [stdout]    |                                     ^^^^
[INFO] [stdout] 
[INFO] [stdout] 
[INFO] [stdout] error[E0614]: type `i32` cannot be dereferenced
[INFO] [stdout]   --> src/tetromino/mod.rs:43:24
[INFO] [stdout]    |
[INFO] [stdout] 43 |         .map(|(x, y)| ((*x) * size, (*y) * size))
[INFO] [stdout]    |                        ^^^^
[INFO] [stdout] 
[INFO] [stdout] 
[INFO] [stdout] error[E0614]: type `i32` cannot be dereferenced
[INFO] [stdout]   --> src/tetromino/mod.rs:43:37
[INFO] [stdout]    |
[INFO] [stdout] 43 |         .map(|(x, y)| ((*x) * size, (*y) * size))
[INFO] [stdout]    |                                     ^^^^
[INFO] [stdout] 
[INFO] [stdout] 
[INFO] [stdout] warning: unused import: `arraymap::ArrayMap`
[INFO] [stdout]  --> src/tetromino/mod.rs:3:5
[INFO] [stdout]   |
[INFO] [stdout] 3 | use arraymap::ArrayMap;
[INFO] [stdout]   |     ^^^^^^^^^^^^^^^^^^
[INFO] [stdout]   |
[INFO] [stdout]   = note: `#[warn(unused_imports)]` on by default
[INFO] [stdout] 
[INFO] [stdout] 
[INFO] [stdout] warning: unused import: `arraymap::ArrayMap`
[INFO] [stdout]  --> src/tetromino/mod.rs:3:5
[INFO] [stdout]   |
[INFO] [stdout] 3 | use arraymap::ArrayMap;
[INFO] [stdout]   |     ^^^^^^^^^^^^^^^^^^
[INFO] [stdout]   |
[INFO] [stdout]   = note: `#[warn(unused_imports)]` on by default
[INFO] [stdout] 
[INFO] [stdout] 
[INFO] [stdout] error: aborting due to 2 previous errors; 1 warning emitted
[INFO] [stdout] 
[INFO] [stdout] 
[INFO] [stdout] For more information about this error, try `rustc --explain E0614`.
[INFO] [stdout] 
[INFO] [stdout] error: aborting due to 2 previous errors; 1 warning emitted
[INFO] [stdout] 
[INFO] [stdout] 
[INFO] [stdout] For more information about this error, try `rustc --explain E0614`.
[INFO] [stdout] 
[INFO] [stderr] error: could not compile `tetris` (bin "tetris") due to 3 previous errors; 1 warning emitted
[INFO] [stderr] warning: build failed, waiting for other jobs to finish...
[INFO] [stderr] error: could not compile `tetris` (bin "tetris" test) due to 3 previous errors; 1 warning emitted
[INFO] running `Command { std: "docker" "inspect" "eb8748b99cbe9a916687d8bade579ebb07fbe6f4cafa9ef64d991a4a33da8623", kill_on_drop: false }`
[INFO] running `Command { std: "docker" "rm" "-f" "eb8748b99cbe9a916687d8bade579ebb07fbe6f4cafa9ef64d991a4a33da8623", kill_on_drop: false }`
[INFO] [stdout] eb8748b99cbe9a916687d8bade579ebb07fbe6f4cafa9ef64d991a4a33da8623
